of 34938990.
2, 3, 5, 388211
List the prime factors of 67748391.
3, 7527599
What are the prime factors of 26137047?
3, 8712349
List the prime factors of 9593121.
3, 3197707
What are the prime factors of 541751505?
3, 5, 31, 1165057
What are the prime factors of 54566691?
3, 18188897
What are the prime factors of 160960934?
2, 67, 1201201
List the prime factors of 37089679.
11, 421, 8009
List the prime factors of 813220013.
71, 151, 75853
What are the prime factors of 83178886?
2, 7, 37, 103, 1559
List the prime factors of 1789011357.
3, 7, 85191017
What are the prime factors of 868410349?
173, 5019713
What are the prime factors of 154829456?
2, 9676841
What are the prime factors of 129576110?
2, 5, 12957611
List the prime factors of 285738956.
2, 43, 1661273
What are the prime factors of 407124200?
2, 5, 7, 290803
What are the prime factors of 175985198?
2, 87992599
What are the prime factors of 298571748?
2, 3, 17, 1463587
List the prime factors of 3003508517.
3003508517
List the prime factors of 6072633421.
149, 2741, 14869
List the prime factors of 571155902.
2, 17, 37, 1571
What are the prime factors of 161628874?
2, 11, 7346767
What are the prime factors of 3341205825?
3, 5, 41, 383, 2837
What are the prime factors of 2032222199?
7, 1871, 155167
What are the prime factors of 17804001?
3, 23, 163, 1583
What are the prime factors of 1972475077?
61, 577, 56041
What are the prime factors of 297487551?
3, 163, 608359
What are the prime factors of 7834667?
79, 99173
List the prime factors of 1429307075.
5, 7, 167, 48907
What are the prime factors of 1621892184?
2, 3, 11, 6143531
What are the prime factors of 1690488229?
73, 23157373
List the prime factors of 47161443.
3, 7, 2245783
What are the prime factors of 2905145072?
2, 347, 523261
What are the prime factors of 790166857?
29, 37, 736409
What are the prime factors of 1310332790?
2, 5, 13, 733, 13751
What are the prime factors of 3458282162?
2, 23, 2897, 25951
List the prime factors of 9086595.
3, 5, 7, 86539
List the prime factors of 196920509.
1933, 101873
What are the prime factors of 1150697228?
2, 19, 15140753
List the prime factors of 160850279.
160850279
What are the prime factors of 507373915?
5, 67, 1514549
List the prime factors of 196660740.
2, 3, 5, 53, 61843
List the prime factors of 2952406614.
2, 3, 47, 727, 14401
List the prime factors of 49611917.
49611917
List the prime factors of 1325200.
2, 5, 3313
List the prime factors of 3621073.
43, 84211
What are the prime factors of 109391547?
3, 1723, 21163
What are the prime factors of 427575088?
2, 19, 1406497
List the prime factors of 381890339.
1373, 278143
What are the prime factors of 156265257?
3, 631, 82549
What are the prime factors of 1812332011?
7, 258904573
List the prime factors of 346882503.
3, 11, 10511591
List the prime factors of 80473670.
2, 5, 569, 14143
What are the prime factors of 88443809?
17, 23, 226199
List the prime factors of 25885072.
2, 1617817
What are the prime factors of 2257626770?
2, 5, 7, 31, 1040381
What are the prime factors of 21857174?
2, 10928587
List the prime factors of 10870392.
2, 3, 13, 34841
List the prime factors of 4501212699.
3, 29, 503, 102859
List the prime factors of 1538397860.
2, 5, 59, 587, 2221
What are the prime factors of 759176656?
2, 7, 37, 167, 1097
List the prime factors of 137261453.
7, 19, 37, 27893
What are the prime factors of 96316551?
3, 10701839
List the prime factors of 237533778.
2, 3, 157, 84053
What are the prime factors of 15223825?
5, 608953
What are the prime factors of 1247244871?
2791, 446881
What are the prime factors of 120039678?
2, 3, 11, 202087
What are the prime factors of 262484342?
2, 61, 2151511
What are the prime factors of 340073755?
5, 7, 97, 100169
What are the prime factors of 124554769?
124554769
What are the prime factors of 22841895?
3, 5, 19, 80147
List the prime factors of 1233038900.
2, 5, 17, 725317
List the prime factors of 64505121.
3, 61, 67, 5261
What are the prime factors of 60868399?
3709, 16411
What are the prime factors of 747558385?
5, 7, 21358811
List the prime factors of 362569619.
362569619
What are the prime factors of 24359559?
3, 7, 137, 8467
What are the prime factors of 180563669?
11, 13, 19, 66457
List the prime factors of 197393331.
3, 65797777
What are the prime factors of 15532614?
2, 3, 19, 15139
List the prime factors of 619728214.
2, 7, 44266301
List the prime factors of 2160137684.
2, 540034421
What are the prime factors of 5319543411?
3, 7, 13, 19, 341851
What are the prime factors of 2963248?
2, 167, 1109
What are the prime factors of 28833510?
2, 3, 5, 961117
List the prime factors of 33037655.
5, 7, 163, 5791
List the prime factors of 957006644.
2, 11, 21750151
What are the prime factors of 54628885?
5, 10925777
List the prime factors of 807904847.
919, 879113
What are the prime factors of 42448932?
2, 3, 17, 139, 499
List the prime factors of 306699066.
2, 3, 23, 67, 11057
List the prime factors of 273760530.
2, 3, 5, 9125351
List the prime factors of 117779928.
2, 3, 7, 100153
What are the prime factors of 54688745?
5, 17, 19, 33863
List the prime factors of 162040523.
162040523
What are the prime factors of 406800005?
5, 81360001
What are the prime factors of 64974812?
2, 7, 37, 59, 1063
List the prime factors of 1045657127.
28051, 37277
What are the prime factors of 94386246?
2, 3, 47, 197, 1699
What are the prime factors of 46008231?
3, 15336077
List the prime factors of 582552924.
2, 3, 23, 2110699
What are the prime factors of 9992584?
2, 7, 178439
What are the prime factors of 4879980?
2, 3, 5, 7, 1291
List the prime factors of 1625936234.
2, 13, 1877, 33317
What are the prime factors of 1292724093?
3, 37, 43, 270841
What are the prime factors of 4282181098?
2, 13, 164699273
What are the prime factors of 2910142295?
5, 582028459
List the prime factors of 125248627.
7, 19, 179, 5261
List the prime factors of 19125774.
2, 3, 354181
List the prime factors of 18382988.
2, 13, 467, 757
List the prime factors of 13063818.
2, 3, 461, 4723
List the prime factors of 179685911.
179685911
What are the prime factors of 510613764?
2, 3, 37, 1150031
What are the prime factors of 5167750?
2, 5, 7, 2953
What are the prime factors of 1310847329?
11, 984859
List the prime factors of 73232873.
7, 479, 21841
What are the prime factors of 175083519?
3, 13, 37, 121333
What are the prime factors of 437672277?
3, 7, 19, 365641
List the prime factors of 177929651.
177929651
List the prime factors of 635975307.
3, 11, 29, 151, 163
List the prime factors of 207680289.
3, 6361, 10883
What are the prime factors of 1323540960?
2, 3, 5, 7, 8039
What are the prime factors of 244436733?
3, 1669, 16273
List the prime factors of 31855814.
2, 15927907
What are the prime factors of 203657297?
17, 2063, 5807
What are the prime factors of 56936404?
2, 7, 2033443
List the prime factors of 4991311102.
2, 1979, 1261069
List the prime factors of 805011434.
2, 109, 971, 3803
What are the prime factors of 124314431?
307, 1319
What are the prime factors of 579098910?
2, 3, 5, 13, 19, 31, 2521
What are the prime factors of 484266719?
484266719
List the prime factors of 946634403.
3, 11, 13, 269, 631
List the prime factors of 1152408397.
7, 164629771
What are the prime factors of 1890876160?
2, 5, 173, 8539
List the prime factors of 2733666573.
3, 11, 157, 527633
What are the prime factors of 1070646256?
2, 31, 179, 389
List the prime factors of 138693976.
2, 811, 21377
List the prime factors of 126265954.
2, 2657, 23761
List the prime factors of 17883377.
1831, 9767
What are the prime factors of 77233783?
11, 7021253
List the prime factors of 59218463.
17, 31, 37, 3037
What are the prime factors of 11105693?
11105693
What are the prime factors of 185671935?
3, 5, 4126043
List the prime factors of 390988935.
3, 5, 19, 557, 821
List the prime factors of 2450737154.
2, 19, 1601, 40283
What are the prime factors of 124613997?
3, 5923, 7013
List the prime factors of 129889267.
59, 863, 2551
What are the prime factors of 650518393?
7, 83, 1119653
List the prime factors of 135914653.
7, 37, 193, 2719
List the prime factors of 1661263221.
3, 6217, 89071
What are the prime factors of 3207385587?
3, 7, 29, 2179, 2417
List the prime factors of 23115